 43
Suppose -6*h - 45177 = -88*x + 85*x, 0 = -4*x - 5*h + 60158. What are the prime factors of x?
41, 367
Suppose 0 = 3*v + y - 21 - 14, v - 25 = -3*y. Let m(i) = 2*i**2 - 21*i + 14. Let d be m(v). Suppose 2*l - 180 = -d*l. What are the prime factors of l?
2, 3, 5
Let n(v) = 15*v + 22. Let u be n(-6). Let h = u - -102. Let g = 90 - h. List the prime factors of g.
2, 7
Let b be (-3 + (0 - -2))*4*-6. Let i be (-23)/(-4) + (-18)/b. List the prime factors of (-177)/(-2) + (-1 + i)/(-8).
2, 11
Suppose -3*b - 87921 = 15*a - 19*a, -2*b = a - 21972. List the prime factors of a.
2, 3, 11, 37
Suppose -42*j + 1455986 = 45458. List the prime factors of j.
2, 2099
Let z = 7 + -27. Let y = 76 + z. Let n = y + 15. List the prime factors of n.
71
Let o = -1 - -5. Suppose 313 = o*f - 167. Suppose p = -b + 32, -p - 5*b - f = -4*p. What are the prime factors of p?
5, 7
Suppose -19*d - 114 = -16*d. List the prime factors of (36/10)/(d/(-1425)).
3, 5
Let a be (-4)/38 + 280/133. Suppose 34 + 238 = a*h. List the prime factors of h.
2, 17
Suppose -2*c = -5*y - 3919, -2*y - 2156 = 3*c - 8025. List the prime factors of c.
19, 103
Let o(y) = 197*y - 46. Let c(q) = 66*q - 15. Let t(m) = 7*c(m) - 2*o(m). List the prime factors of t(2).
3, 41
Let i(m) be the first derivative of -3*m**4/2 - 5*m**3/3 - 5*m**2/2 - 4*m - 2494. Let q = -3 - 0. What are the prime factors of i(q)?
2
Let z(v) = 12*v**3 - 2*v**2 - 5*v + 7. Let m be z(3). Suppose -x + m = -14. List the prime factors of x.
2, 3, 13
Let r(q) = 10*q**2 + 2*q - 4. Let s = 6 - -23. Suppose 0 = 6*y - s + 11. List the prime factors of r(y).
2, 23
Let m = 37112 + -12095. List the prime factors of m.
3, 31, 269
Let f be 4 + -1 - (11 + 0). Let x = 8 + f. Suppose 2*c - 3*c + 54 = x. List the prime factors of c.
2, 3
Let i = 65 - 59. Suppose -i*w = 5*w - 7304. What are the prime factors of -2 + (w/(-2))/(-4)?
3
Let m(b) = 2*b**3 - 26*b**2 + 64*b - 471. List the prime factors of m(16).
2089
Suppose a - 2*t - 10 = 0, 0 = 4*a + a - t - 23. Let g be a - (-5 + 1 - 136). Suppose 2*c = -5*m + g, -5*c + 318 = -0*m + 2*m. What are the prime factors of c?
2, 31
What are the prime factors of 14401 - ((-4 - 18) + 9)?
2, 7207
Suppose -5*c = -25, -5*u + 4*u + 8264 = 4*c. List the prime factors of u.
2, 3, 229
Let v(m) = -14*m + 15. Let b = 126 - 124. Let k(f) = -2*f - 1. Let h(p) = b*k(p) - v(p). List the prime factors of h(9).
73
Let f = 464 + -459. Suppose 5*h - 26 = -1, f*n - 2900 = h. What are the prime factors of n?
7, 83
Suppose 12*t + 2*t - 1092 = 0. Suppose -83*k = -t*k - 1915. What are the prime factors of k?
383
List the prime factors of 12/8 + (-307406)/(-44).
2, 1747
Let p(y) = 2458*y**2 + 213*y + 21. What are the prime factors of p(3)?
2, 3, 3797
Let u = 5864 - -11341. List the prime factors of u.
3, 5, 31, 37
Suppose -1119 = 2*m - 1149. Let q(c) = 5*c**2 - 36*c - 11. What are the prime factors of q(m)?
2, 7, 41
Suppose -2786*j - 5*o = -2783*j - 14783, -4*o = -4. List the prime factors of j.
2, 3, 821
Let w(n) = -n + 29. Let u be w(25). Suppose 0*t - 28 = -u*t. Suppose 0 = 12*f - t*f - 595. List the prime factors of f.
7, 17
Suppose -4*v + 193 = -p + 1127, -2793 = -3*p + 3*v. Suppose 4*o + p = 5*h, 4*h - 9*o - 744 = -6*o. List the prime factors of h.
2, 3, 31
Suppose 57 = 22*m - 75. Suppose -5*h + 991 = 4*w, -4 = 2*h + m. List the prime factors of w.
2, 127
Let z = 6790 + -3481. What are the prime factors of z?
3, 1103
Suppose 6*g - 2*g = 3*b - 115, -b = -2*g - 41. Let x = 36 - b. Suppose a = -0*q + 2*q + 29, 59 = 2*a - x*q. What are the prime factors of a?
31
Suppose 5*p - 20 = 4*m, 2*m + 2*p = 3*m + 8. Suppose -4*j + 3*g - 294 - 106 = 0, -g = m. Let l = 177 + j. List the prime factors of l.
7, 11
Let x be 128/(-32) + 1 + 6 + 0. Suppose x*d + 4*w - 1228 = 0, 436 = d - 33*w + 29*w. What are the prime factors of d?
2, 13
Suppose 0 = 3*h + 3, 4*h = 2*i - 8. Let m = 94 - 92. Suppose i*b + m*b - t = 653, -20 = 4*t. What are the prime factors of b?
2, 3
Suppose 5*d - 8 = 2*d + 5*l, 0 = 4*d + l + 20. What are the prime factors of ((-24)/((-16)/d))/((-9)/384)?
2
Suppose 17*o - 8*o = -10*o + 303791. List the prime factors of o.
59, 271
Let j = 931 - 2123. Let q = -706 - j. What are the prime factors of q?
2, 3
Suppose -187192 - 512643 = -146*z + 297637. What are the prime factors of z?
2, 7, 61
Let k = -6467 - -13757. Suppose k = -5*a + 10*a. List the prime factors of a.
2, 3
Suppose u + 0*d = 2*d + 5, -d = 5*u + 8. Let s(r) = r + 20*r**2 - 2*r - 2 + 19*r**2 - 3*r**2. List the prime factors of s(u).
5, 7
Let c be (-3*12/18)/((-2)/282). Let k = c - -375. What are the prime factors of k?
3, 73
Suppose 7*p - 4 = 24. Suppose -p*t - 5*z + 5 = -15, 12 = 3*z. Suppose -20 - 66 = -3*s + l, t = -5*s + 3*l + 150. What are the prime factors of s?
3
Suppose 11*o - 8*o - 14840 = -2*n, -o = 5*n - 37100. What are the prime factors of n?
2, 5, 7, 53
Suppose -26*t - 31 = 21. List the prime factors of ((-126765)/(-21))/5 - t/(-7).
17, 71
Let v(r) = r**2 - 23*r - 29. Let g be v(24). What are the prime factors of -5 + 1556 + (-8 - g)?
2, 3, 43
Suppose -3*s = -3*z + 25437, -5*z + 3*s + 8481 = -4*z. List the prime factors of z.
2, 3, 157
Let s(o) = 7300*o - 4290. What are the prime factors of s(7)?
2, 5, 31, 151
Let n(o) = 3638*o - 796. What are the prime factors of n(6)?
2, 11, 239
Suppose 3*o = 9, y - o = 4*o - 16. What are the prime factors of (y - (9 - 4))*(6 - 37)?
2, 3, 31
Let r = 89853 + -54222. What are the prime factors of r?
3, 37, 107
List the prime factors of 2/(812715/210693 + -3 - (-18)/(-21)).
79, 127
Let m(z) = -2*z**3 + 2*z**2 + 3*z + 2. Let u(j) = -j**3 - 7*j**2 - 1. Let i be u(-7). Let v be m(i). List the prime factors of (v*116)/4 - 4.
83
Let a(f) = -38*f + 179. Let g be a(-7). Suppose -m = -2*o - 94, 5*o + g = 10*m - 5*m. What are the prime factors of m?
2, 3, 7
Let k be (-4406)/(-4) - (-12)/8*-1. Let h be ((-10)/8)/(11/k). Let u = -63 - h. List the prime factors of u.
2, 31
List the prime factors of (-8)/((-24)/35781) + 9.
2, 373
Let z(n) = -21 + 3 + 10 - 7*n. Let j be z(-4). Let x = 15 + j. What are the prime factors of x?
5, 7
Let k be ((-45)/(-3)*-1)/(-1). Let r = -13 + k. List the prime factors of (-497)/(-5) + r/(-5).
3, 11
Let l be (-93)/(-3) + 3 + -4. Let w = l + -27. Suppose w*u - 106 = 299. What are the prime factors of u?
3, 5
Let o = 4249 - 4258. Let a(h) = -4*h - 3*h - 9 - 2*h. What are the prime factors of a(o)?
2, 3
Let r = -6026 + 11905. List the prime factors of r.
5879
Let d(x) = 43*x**3 - 5*x**2 + 29*x - 28. What are the prime factors of d(4)?
2, 3, 5, 23
Suppose n - 5182 = -3*n + 3*z, 5*n - 5*z = 6470. List the prime factors of n.
2, 5, 13
Let t = 7303 - 5637. List the prime factors of t.
2, 7, 17
What are the prime factors of (-50322)/(-42)*(0 + 21)?
3, 8387
Let x(b) = -b**3 - 2*b**2 + 954. Let z(f) = 17*f + 17. Let c be z(-1). List the prime factors of x(c).
2, 3, 53
Suppose -2*h + 19000 = 2*c, 2*c - 15*h + 20*h - 18988 = 0. What are the prime factors of c?
2, 3, 11
Let b = 27317 + -7985. List the prime factors of b.
2, 3, 179
Suppose 0 = 2*h - 8, 4*f + 3*h - 3872 + 1476 = 0. Let d = f - 67. What are the prime factors of d?
23
Let l(k) = k + 38. Let b be 6/(-3)*(-5)/((-30)/27). Let q be l(b). List the prime factors of -1 + q + -1 + (-27)/9.
2, 3
Suppose 0 = v + d + 368, v = 4*v - 4*d + 1104. Let m be (v/24)/((-1)/(-6)*2). Let i = m + 50. What are the prime factors of i?
2
Let z(n) = n**3 + 19*n**2 - 20*n + 3. Let o be z(-20). List the prime factors of ((-18)/(-15))/(((-42)/(-6755))/o).
3, 193
Let f(a) be the first derivative of -1/2*a**4 - 1/3*a**3 - 20*a + 24 - a**2. List the prime factors of f(-5).
5, 43
Let f = -45 - -57. Let h(m) = 5*m**2 - 3*m + 13 - 12*m**2 + f*m - 3 + m**3. List the prime factors of h(7).
73
Let d = -86 + 90. Suppose -2*m + l + 196 = 0, -8*m + d*m + l = -390. What are the prime factors of m?
97
Suppose v - 10880 - 1279 = 3*h, 0 = -3*v + 2*h + 36505. What are the prime factors of v?
3, 4057
Let z(n) = -1356*n + 232. What are the prime factors of z(-2)?
2, 23
Suppose -p - 4*p = 0. Suppose -2*f - 9 + 13 = p. Suppose 0 = -6*x - f*x + 288. What are the prime factors of x?
2, 3
Let f be 1 - (3*(-8)/6 - 7). Suppose r = 24 - 4. Let g = r - f. What are the prime factors of g?
2
Suppose 42*w - 234 